{"id":2667,"date":"2024-10-02T16:13:51","date_gmt":"2024-10-02T16:13:51","guid":{"rendered":"https:\/\/www.mcg.pt\/trabalharnamcg\/?page_id=2667"},"modified":"2024-10-02T16:15:06","modified_gmt":"2024-10-02T16:15:06","slug":"18-avaliacao-da-qualidade-da-maquinacao-cnc-e-condicao-da-fresa-atraves-da-monitorizacao-de-vibracoes-no-conjunto-cnc-jig","status":"publish","type":"page","link":"https:\/\/www.mcg.pt\/trabalharnamcg\/18-avaliacao-da-qualidade-da-maquinacao-cnc-e-condicao-da-fresa-atraves-da-monitorizacao-de-vibracoes-no-conjunto-cnc-jig\/","title":{"rendered":"18. Avalia\u00e7\u00e3o da Qualidade da Maquina\u00e7\u00e3o CNC e Condi\u00e7\u00e3o da Fresa Atrav\u00e9s da Monitoriza\u00e7\u00e3o de Vibra\u00e7\u00f5es no Conjunto CNC-Jig"},"content":{"rendered":"\t\t<div data-elementor-type=\"wp-page\" data-elementor-id=\"2667\" class=\"elementor elementor-2667\" data-elementor-post-type=\"page\">\n\t\t\t\t\t\t<section class=\"elementor-section elementor-top-section elementor-element elementor-element-64b4b931 elementor-section-boxed elementor-section-height-default elementor-section-height-default\" data-id=\"64b4b931\" data-element_type=\"section\" data-e-type=\"section\">\n\t\t\t\t\t\t<div class=\"elementor-container elementor-column-gap-default\">\n\t\t\t\t\t<div class=\"elementor-column elementor-col-50 elementor-top-column elementor-element elementor-element-5271b1d4 elementor-invisible\" data-id=\"5271b1d4\" data-element_type=\"column\" data-e-type=\"column\" data-settings=\"{&quot;background_background&quot;:&quot;classic&quot;,&quot;animation&quot;:&quot;fadeIn&quot;,&quot;animation_delay&quot;:200}\">\n\t\t\t<div class=\"elementor-widget-wrap elementor-element-populated\">\n\t\t\t\t\t\t<section class=\"elementor-section elementor-inner-section elementor-element elementor-element-31c139a7 elementor-section-boxed elementor-section-height-default elementor-section-height-default\" data-id=\"31c139a7\" data-element_type=\"section\" data-e-type=\"section\">\n\t\t\t\t\t\t<div class=\"elementor-container elementor-column-gap-default\">\n\t\t\t\t\t<div class=\"elementor-column elementor-col-50 elementor-inner-column elementor-element elementor-element-5dab6773\" data-id=\"5dab6773\" data-element_type=\"column\" data-e-type=\"column\">\n\t\t\t<div class=\"elementor-widget-wrap elementor-element-populated\">\n\t\t\t\t\t\t<div class=\"elementor-element elementor-element-2329e6c4 elementor-widget elementor-widget-heading\" data-id=\"2329e6c4\" data-element_type=\"widget\" data-e-type=\"widget\" data-widget_type=\"heading.default\">\n\t\t\t\t<div class=\"elementor-widget-container\">\n\t\t\t\t\t<h3 class=\"elementor-heading-title elementor-size-default\">18. Avalia\u00e7\u00e3o da Qualidade da Maquina\u00e7\u00e3o CNC e Condi\u00e7\u00e3o da Fresa Atrav\u00e9s da Monitoriza\u00e7\u00e3o de Vibra\u00e7\u00f5es no Conjunto CNC-Jig<\/h3>\t\t\t\t<\/div>\n\t\t\t\t<\/div>\n\t\t\t\t\t<\/div>\n\t\t<\/div>\n\t\t\t\t<div class=\"elementor-column elementor-col-50 elementor-inner-column elementor-element elementor-element-7e76f2f9\" data-id=\"7e76f2f9\" data-element_type=\"column\" data-e-type=\"column\">\n\t\t\t<div class=\"elementor-widget-wrap elementor-element-populated\">\n\t\t\t\t\t\t<div class=\"elementor-element elementor-element-4b0fcefa elementor-align-right elementor-mobile-align-justify elementor-widget elementor-widget-button\" data-id=\"4b0fcefa\" data-element_type=\"widget\" data-e-type=\"widget\" data-widget_type=\"button.default\">\n\t\t\t\t<div class=\"elementor-widget-container\">\n\t\t\t\t\t\t\t\t\t<div class=\"elementor-button-wrapper\">\n\t\t\t\t\t<a class=\"elementor-button elementor-button-link elementor-size-sm\" href=\"https:\/\/form.jotform.com\/232712083724351\" target=\"_blank\">\n\t\t\t\t\t\t<span class=\"elementor-button-content-wrapper\">\n\t\t\t\t\t\t<span class=\"elementor-button-icon\">\n\t\t\t\t<i aria-hidden=\"true\" class=\"fab fa-telegram-plane\"><\/i>\t\t\t<\/span>\n\t\t\t\t\t\t\t\t\t<span class=\"elementor-button-text\">candidatar<\/span>\n\t\t\t\t\t<\/span>\n\t\t\t\t\t<\/a>\n\t\t\t\t<\/div>\n\t\t\t\t\t\t\t\t<\/div>\n\t\t\t\t<\/div>\n\t\t\t\t\t<\/div>\n\t\t<\/div>\n\t\t\t\t\t<\/div>\n\t\t<\/section>\n\t\t\t\t<div class=\"elementor-element elementor-element-219080dd elementor-widget elementor-widget-text-editor\" data-id=\"219080dd\" data-element_type=\"widget\" data-e-type=\"widget\" data-widget_type=\"text-editor.default\">\n\t\t\t\t<div class=\"elementor-widget-container\">\n\t\t\t\t\t\t\t\t\t<p>Este projeto prop\u00f5e a monitoriza\u00e7\u00e3o das frequ\u00eancias de vibra\u00e7\u00e3o do equipamento CNC e\/ou do jig, com o intuito de desenvolver um m\u00e9todo eficaz para avaliar a qualidade da maquina\u00e7\u00e3o e a condi\u00e7\u00e3o das fresas.<\/p><p>Neste projeto, ter\u00e3o a oportunidade de explorar t\u00e9cnicas de monitoriza\u00e7\u00e3o e an\u00e1lise de vibra\u00e7\u00f5es, permitindo identificar padr\u00f5es que possam estar relacionados com a qualidade do processo de maquina\u00e7\u00e3o.<\/p><p>Atrav\u00e9s desta an\u00e1lise, ser\u00e1 poss\u00edvel apontar potenciais causas de problemas, como pe\u00e7as mal apertadas, fresas partidas ou com desgaste.<\/p><p>Este projeto n\u00e3o s\u00f3 proporcionar\u00e1 uma experi\u00eancia pr\u00e1tica valiosa na \u00e1rea de controlo de qualidade e engenharia de produ\u00e7\u00e3o, mas tamb\u00e9m permitir\u00e1 a aplica\u00e7\u00e3o de conceitos te\u00f3ricos em situa\u00e7\u00f5es do mundo real.<\/p><p>A relev\u00e2ncia crescente da automa\u00e7\u00e3o e da monitoriza\u00e7\u00e3o em tempo real na ind\u00fastria torna este desafio particularmente interessante e impactante para a forma\u00e7\u00e3o de futuros engenheiros.<\/p>\t\t\t\t\t\t\t\t<\/div>\n\t\t\t\t<\/div>\n\t\t\t\t<div class=\"elementor-element elementor-element-5141e012 elementor-widget-divider--view-line elementor-widget elementor-widget-divider\" data-id=\"5141e012\" data-element_type=\"widget\" data-e-type=\"widget\" data-widget_type=\"divider.default\">\n\t\t\t\t<div class=\"elementor-widget-container\">\n\t\t\t\t\t\t\t<div class=\"elementor-divider\">\n\t\t\t<span class=\"elementor-divider-separator\">\n\t\t\t\t\t\t<\/span>\n\t\t<\/div>\n\t\t\t\t\t\t<\/div>\n\t\t\t\t<\/div>\n\t\t\t\t<div class=\"elementor-element elementor-element-4a613a66 elementor-widget elementor-widget-text-editor\" data-id=\"4a613a66\" data-element_type=\"widget\" data-e-type=\"widget\" data-widget_type=\"text-editor.default\">\n\t\t\t\t<div class=\"elementor-widget-container\">\n\t\t\t\t\t\t\t\t\t<p>Ao submeter a sua candidatura est\u00e1 a concordar que os seus dados podem ser utilizados de acordo com a <a href=\"https:\/\/mcg.news\/info\/REG_POLITICA-PRIVACIDADE_21-10-2019.pdf\" target=\"_blank\" rel=\"noopener\">Pol\u00edtica de Privacidade MCG<\/a>.<\/p>\t\t\t\t\t\t\t\t<\/div>\n\t\t\t\t<\/div>\n\t\t\t\t\t<\/div>\n\t\t<\/div>\n\t\t\t\t<div class=\"elementor-column elementor-col-50 elementor-top-column elementor-element elementor-element-6d38784f elementor-invisible\" data-id=\"6d38784f\" data-element_type=\"column\" data-e-type=\"column\" data-settings=\"{&quot;animation&quot;:&quot;fadeIn&quot;,&quot;animation_delay&quot;:300}\">\n\t\t\t<div class=\"elementor-widget-wrap elementor-element-populated\">\n\t\t\t\t\t\t<div class=\"elementor-element elementor-element-163c6755 elementor-align-left elementor-widget__width-inherit elementor-widget elementor-widget-button\" data-id=\"163c6755\" data-element_type=\"widget\" data-e-type=\"widget\" data-widget_type=\"button.default\">\n\t\t\t\t<div class=\"elementor-widget-container\">\n\t\t\t\t\t\t\t\t\t<div class=\"elementor-button-wrapper\">\n\t\t\t\t\t<a class=\"elementor-button elementor-button-link elementor-size-sm\" href=\"https:\/\/www.mcg.pt\/trabalharnamcg\/estagios-e-teses\">\n\t\t\t\t\t\t<span class=\"elementor-button-content-wrapper\">\n\t\t\t\t\t\t<span class=\"elementor-button-icon\">\n\t\t\t\t<i aria-hidden=\"true\" class=\"far fa-arrow-alt-circle-left\"><\/i>\t\t\t<\/span>\n\t\t\t\t\t\t\t\t\t<span class=\"elementor-button-text\">Recuar para p\u00e1gina temas teses<\/span>\n\t\t\t\t\t<\/span>\n\t\t\t\t\t<\/a>\n\t\t\t\t<\/div>\n\t\t\t\t\t\t\t\t<\/div>\n\t\t\t\t<\/div>\n\t\t\t\t<section class=\"elementor-section elementor-inner-section elementor-element elementor-element-53d7992e elementor-section-boxed elementor-section-height-default elementor-section-height-default\" data-id=\"53d7992e\" data-element_type=\"section\" data-e-type=\"section\" data-settings=\"{&quot;background_background&quot;:&quot;classic&quot;}\">\n\t\t\t\t\t\t<div class=\"elementor-container elementor-column-gap-default\">\n\t\t\t\t\t<div class=\"elementor-column elementor-col-100 elementor-inner-column elementor-element elementor-element-4f5ab7de\" data-id=\"4f5ab7de\" data-element_type=\"column\" data-e-type=\"column\">\n\t\t\t<div class=\"elementor-widget-wrap elementor-element-populated\">\n\t\t\t\t\t\t<div class=\"elementor-element elementor-element-39fb9486 elementor-widget__width-auto elementor-absolute elementor-align-start elementor-icon-list--layout-traditional elementor-list-item-link-full_width elementor-widget elementor-widget-icon-list\" data-id=\"39fb9486\" data-element_type=\"widget\" data-e-type=\"widget\" data-settings=\"{&quot;_position&quot;:&quot;absolute&quot;}\" data-widget_type=\"icon-list.default\">\n\t\t\t\t<div class=\"elementor-widget-container\">\n\t\t\t\t\t\t\t<ul class=\"elementor-icon-list-items\">\n\t\t\t\t\t\t\t<li class=\"elementor-icon-list-item\">\n\t\t\t\t\t\t\t\t\t\t\t<span class=\"elementor-icon-list-icon\">\n\t\t\t\t\t\t\t<i aria-hidden=\"true\" class=\"icon icon-stats-3\"><\/i>\t\t\t\t\t\t<\/span>\n\t\t\t\t\t\t\t\t\t\t<span class=\"elementor-icon-list-text\">ENG. MATEM\u00c1TICA APLICADA<\/span>\n\t\t\t\t\t\t\t\t\t<\/li>\n\t\t\t\t\t\t<\/ul>\n\t\t\t\t\t\t<\/div>\n\t\t\t\t<\/div>\n\t\t\t\t<div class=\"elementor-element elementor-element-2f4e827b elementor-widget-divider--view-line elementor-widget elementor-widget-divider\" data-id=\"2f4e827b\" data-element_type=\"widget\" data-e-type=\"widget\" data-widget_type=\"divider.default\">\n\t\t\t\t<div class=\"elementor-widget-container\">\n\t\t\t\t\t\t\t<div class=\"elementor-divider\">\n\t\t\t<span class=\"elementor-divider-separator\">\n\t\t\t\t\t\t<\/span>\n\t\t<\/div>\n\t\t\t\t\t\t<\/div>\n\t\t\t\t<\/div>\n\t\t\t\t<div class=\"elementor-element elementor-element-81eac7b elementor-icon-list--layout-traditional elementor-list-item-link-full_width elementor-widget elementor-widget-icon-list\" data-id=\"81eac7b\" data-element_type=\"widget\" data-e-type=\"widget\" data-widget_type=\"icon-list.default\">\n\t\t\t\t<div class=\"elementor-widget-container\">\n\t\t\t\t\t\t\t<ul class=\"elementor-icon-list-items\">\n\t\t\t\t\t\t\t<li class=\"elementor-icon-list-item\">\n\t\t\t\t\t\t\t\t\t\t\t<span class=\"elementor-icon-list-icon\">\n\t\t\t\t\t\t\t<i aria-hidden=\"true\" class=\"icon icon-map-marker1\"><\/i>\t\t\t\t\t\t<\/span>\n\t\t\t\t\t\t\t\t\t\t<span class=\"elementor-icon-list-text\">Local desenvolvimento: Carregado<\/span>\n\t\t\t\t\t\t\t\t\t<\/li>\n\t\t\t\t\t\t<\/ul>\n\t\t\t\t\t\t<\/div>\n\t\t\t\t<\/div>\n\t\t\t\t\t<\/div>\n\t\t<\/div>\n\t\t\t\t\t<\/div>\n\t\t<\/section>\n\t\t\t\t<div class=\"elementor-element elementor-element-6a9b990f elementor-widget elementor-widget-google_maps\" data-id=\"6a9b990f\" data-element_type=\"widget\" data-e-type=\"widget\" data-widget_type=\"google_maps.default\">\n\t\t\t\t<div class=\"elementor-widget-container\">\n\t\t\t\t\t\t\t<div class=\"elementor-custom-embed\">\n\t\t\t<iframe loading=\"lazy\"\n\t\t\t\t\tsrc=\"https:\/\/maps.google.com\/maps?q=MCG&#038;t=m&#038;z=15&#038;output=embed&#038;iwloc=near\"\n\t\t\t\t\ttitle=\"MCG\"\n\t\t\t\t\taria-label=\"MCG\"\n\t\t\t><\/iframe>\n\t\t<\/div>\n\t\t\t\t\t\t<\/div>\n\t\t\t\t<\/div>\n\t\t\t\t\t<\/div>\n\t\t<\/div>\n\t\t\t\t\t<\/div>\n\t\t<\/section>\n\t\t\t\t<\/div>\n\t\t","protected":false},"excerpt":{"rendered":"<p>18. Avalia\u00e7\u00e3o da Qualidade da Maquina\u00e7\u00e3o CNC e Condi\u00e7\u00e3o da Fresa Atrav\u00e9s da Monitoriza\u00e7\u00e3o de Vibra\u00e7\u00f5es no Conjunto CNC-Jig candidatar Este projeto prop\u00f5e a monitoriza\u00e7\u00e3o das frequ\u00eancias de vibra\u00e7\u00e3o do equipamento CNC e\/ou do jig, com o intuito de desenvolver um m\u00e9todo eficaz para avaliar a qualidade da maquina\u00e7\u00e3o e a condi\u00e7\u00e3o das fresas. Neste [&hellip;]<\/p>\n","protected":false},"author":2,"featured_media":1859,"parent":0,"menu_order":0,"comment_status":"closed","ping_status":"closed","template":"elementor_header_footer","meta":{"footnotes":""},"class_list":["post-2667","page","type-page","status-publish","has-post-thumbnail","hentry"],"yoast_head":"<!-- This site is optimized with the Yoast SEO plugin v27.4 - https:\/\/yoast.com\/product\/yoast-seo-wordpress\/ -->\n<title>18. Avalia\u00e7\u00e3o da Qualidade da Maquina\u00e7\u00e3o CNC e Condi\u00e7\u00e3o da Fresa Atrav\u00e9s da Monitoriza\u00e7\u00e3o de Vibra\u00e7\u00f5es no Conjunto CNC-Jig - Trabalhar na MCG<\/title>\n<meta name=\"robots\" content=\"index, follow, max-snippet:-1, max-image-preview:large, max-video-preview:-1\" \/>\n<link rel=\"canonical\" href=\"https:\/\/www.mcg.pt\/trabalharnamcg\/18-avaliacao-da-qualidade-da-maquinacao-cnc-e-condicao-da-fresa-atraves-da-monitorizacao-de-vibracoes-no-conjunto-cnc-jig\/\" \/>\n<meta property=\"og:locale\" content=\"pt_PT\" \/>\n<meta property=\"og:type\" content=\"article\" \/>\n<meta property=\"og:title\" content=\"18. Avalia\u00e7\u00e3o da Qualidade da Maquina\u00e7\u00e3o CNC e Condi\u00e7\u00e3o da Fresa Atrav\u00e9s da Monitoriza\u00e7\u00e3o de Vibra\u00e7\u00f5es no Conjunto CNC-Jig - Trabalhar na MCG\" \/>\n<meta property=\"og:description\" content=\"18. Avalia\u00e7\u00e3o da Qualidade da Maquina\u00e7\u00e3o CNC e Condi\u00e7\u00e3o da Fresa Atrav\u00e9s da Monitoriza\u00e7\u00e3o de Vibra\u00e7\u00f5es no Conjunto CNC-Jig candidatar Este projeto prop\u00f5e a monitoriza\u00e7\u00e3o das frequ\u00eancias de vibra\u00e7\u00e3o do equipamento CNC e\/ou do jig, com o intuito de desenvolver um m\u00e9todo eficaz para avaliar a qualidade da maquina\u00e7\u00e3o e a condi\u00e7\u00e3o das fresas. Neste [&hellip;]\" \/>\n<meta property=\"og:url\" content=\"https:\/\/www.mcg.pt\/trabalharnamcg\/18-avaliacao-da-qualidade-da-maquinacao-cnc-e-condicao-da-fresa-atraves-da-monitorizacao-de-vibracoes-no-conjunto-cnc-jig\/\" \/>\n<meta property=\"og:site_name\" content=\"Trabalhar na MCG\" \/>\n<meta property=\"article:modified_time\" content=\"2024-10-02T16:15:06+00:00\" \/>\n<meta property=\"og:image\" content=\"https:\/\/www.mcg.pt\/trabalharnamcg\/wp-content\/uploads\/2023\/07\/ambiente.jpg\" \/>\n\t<meta property=\"og:image:width\" content=\"1600\" \/>\n\t<meta property=\"og:image:height\" content=\"800\" \/>\n\t<meta property=\"og:image:type\" content=\"image\/jpeg\" \/>\n<meta name=\"twitter:card\" content=\"summary_large_image\" \/>\n<meta name=\"twitter:label1\" content=\"Tempo estimado de leitura\" \/>\n\t<meta name=\"twitter:data1\" content=\"2 minutos\" \/>\n<script type=\"application\/ld+json\" class=\"yoast-schema-graph\">{\"@context\":\"https:\\\/\\\/schema.org\",\"@graph\":[{\"@type\":\"WebPage\",\"@id\":\"https:\\\/\\\/www.mcg.pt\\\/trabalharnamcg\\\/18-avaliacao-da-qualidade-da-maquinacao-cnc-e-condicao-da-fresa-atraves-da-monitorizacao-de-vibracoes-no-conjunto-cnc-jig\\\/\",\"url\":\"https:\\\/\\\/www.mcg.pt\\\/trabalharnamcg\\\/18-avaliacao-da-qualidade-da-maquinacao-cnc-e-condicao-da-fresa-atraves-da-monitorizacao-de-vibracoes-no-conjunto-cnc-jig\\\/\",\"name\":\"18. Avalia\u00e7\u00e3o da Qualidade da Maquina\u00e7\u00e3o CNC e Condi\u00e7\u00e3o da Fresa Atrav\u00e9s da Monitoriza\u00e7\u00e3o de Vibra\u00e7\u00f5es no Conjunto CNC-Jig - Trabalhar na MCG\",\"isPartOf\":{\"@id\":\"https:\\\/\\\/www.mcg.pt\\\/trabalharnamcg\\\/#website\"},\"primaryImageOfPage\":{\"@id\":\"https:\\\/\\\/www.mcg.pt\\\/trabalharnamcg\\\/18-avaliacao-da-qualidade-da-maquinacao-cnc-e-condicao-da-fresa-atraves-da-monitorizacao-de-vibracoes-no-conjunto-cnc-jig\\\/#primaryimage\"},\"image\":{\"@id\":\"https:\\\/\\\/www.mcg.pt\\\/trabalharnamcg\\\/18-avaliacao-da-qualidade-da-maquinacao-cnc-e-condicao-da-fresa-atraves-da-monitorizacao-de-vibracoes-no-conjunto-cnc-jig\\\/#primaryimage\"},\"thumbnailUrl\":\"https:\\\/\\\/www.mcg.pt\\\/trabalharnamcg\\\/wp-content\\\/uploads\\\/2023\\\/07\\\/ambiente.jpg\",\"datePublished\":\"2024-10-02T16:13:51+00:00\",\"dateModified\":\"2024-10-02T16:15:06+00:00\",\"breadcrumb\":{\"@id\":\"https:\\\/\\\/www.mcg.pt\\\/trabalharnamcg\\\/18-avaliacao-da-qualidade-da-maquinacao-cnc-e-condicao-da-fresa-atraves-da-monitorizacao-de-vibracoes-no-conjunto-cnc-jig\\\/#breadcrumb\"},\"inLanguage\":\"pt-PT\",\"potentialAction\":[{\"@type\":\"ReadAction\",\"target\":[\"https:\\\/\\\/www.mcg.pt\\\/trabalharnamcg\\\/18-avaliacao-da-qualidade-da-maquinacao-cnc-e-condicao-da-fresa-atraves-da-monitorizacao-de-vibracoes-no-conjunto-cnc-jig\\\/\"]}]},{\"@type\":\"ImageObject\",\"inLanguage\":\"pt-PT\",\"@id\":\"https:\\\/\\\/www.mcg.pt\\\/trabalharnamcg\\\/18-avaliacao-da-qualidade-da-maquinacao-cnc-e-condicao-da-fresa-atraves-da-monitorizacao-de-vibracoes-no-conjunto-cnc-jig\\\/#primaryimage\",\"url\":\"https:\\\/\\\/www.mcg.pt\\\/trabalharnamcg\\\/wp-content\\\/uploads\\\/2023\\\/07\\\/ambiente.jpg\",\"contentUrl\":\"https:\\\/\\\/www.mcg.pt\\\/trabalharnamcg\\\/wp-content\\\/uploads\\\/2023\\\/07\\\/ambiente.jpg\",\"width\":1600,\"height\":800},{\"@type\":\"BreadcrumbList\",\"@id\":\"https:\\\/\\\/www.mcg.pt\\\/trabalharnamcg\\\/18-avaliacao-da-qualidade-da-maquinacao-cnc-e-condicao-da-fresa-atraves-da-monitorizacao-de-vibracoes-no-conjunto-cnc-jig\\\/#breadcrumb\",\"itemListElement\":[{\"@type\":\"ListItem\",\"position\":1,\"name\":\"In\u00edcio\",\"item\":\"https:\\\/\\\/www.mcg.pt\\\/trabalharnamcg\\\/\"},{\"@type\":\"ListItem\",\"position\":2,\"name\":\"18. Avalia\u00e7\u00e3o da Qualidade da Maquina\u00e7\u00e3o CNC e Condi\u00e7\u00e3o da Fresa Atrav\u00e9s da Monitoriza\u00e7\u00e3o de Vibra\u00e7\u00f5es no Conjunto CNC-Jig\"}]},{\"@type\":\"WebSite\",\"@id\":\"https:\\\/\\\/www.mcg.pt\\\/trabalharnamcg\\\/#website\",\"url\":\"https:\\\/\\\/www.mcg.pt\\\/trabalharnamcg\\\/\",\"name\":\"Trabalhar na MCG\",\"description\":\"Oportunidades de emprego na MCG\",\"potentialAction\":[{\"@type\":\"SearchAction\",\"target\":{\"@type\":\"EntryPoint\",\"urlTemplate\":\"https:\\\/\\\/www.mcg.pt\\\/trabalharnamcg\\\/?s={search_term_string}\"},\"query-input\":{\"@type\":\"PropertyValueSpecification\",\"valueRequired\":true,\"valueName\":\"search_term_string\"}}],\"inLanguage\":\"pt-PT\"}]}<\/script>\n<!-- \/ Yoast SEO plugin. -->","yoast_head_json":{"title":"18. Avalia\u00e7\u00e3o da Qualidade da Maquina\u00e7\u00e3o CNC e Condi\u00e7\u00e3o da Fresa Atrav\u00e9s da Monitoriza\u00e7\u00e3o de Vibra\u00e7\u00f5es no Conjunto CNC-Jig - Trabalhar na MCG","robots":{"index":"index","follow":"follow","max-snippet":"max-snippet:-1","max-image-preview":"max-image-preview:large","max-video-preview":"max-video-preview:-1"},"canonical":"https:\/\/www.mcg.pt\/trabalharnamcg\/18-avaliacao-da-qualidade-da-maquinacao-cnc-e-condicao-da-fresa-atraves-da-monitorizacao-de-vibracoes-no-conjunto-cnc-jig\/","og_locale":"pt_PT","og_type":"article","og_title":"18. Avalia\u00e7\u00e3o da Qualidade da Maquina\u00e7\u00e3o CNC e Condi\u00e7\u00e3o da Fresa Atrav\u00e9s da Monitoriza\u00e7\u00e3o de Vibra\u00e7\u00f5es no Conjunto CNC-Jig - Trabalhar na MCG","og_description":"18. Avalia\u00e7\u00e3o da Qualidade da Maquina\u00e7\u00e3o CNC e Condi\u00e7\u00e3o da Fresa Atrav\u00e9s da Monitoriza\u00e7\u00e3o de Vibra\u00e7\u00f5es no Conjunto CNC-Jig candidatar Este projeto prop\u00f5e a monitoriza\u00e7\u00e3o das frequ\u00eancias de vibra\u00e7\u00e3o do equipamento CNC e\/ou do jig, com o intuito de desenvolver um m\u00e9todo eficaz para avaliar a qualidade da maquina\u00e7\u00e3o e a condi\u00e7\u00e3o das fresas. Neste [&hellip;]","og_url":"https:\/\/www.mcg.pt\/trabalharnamcg\/18-avaliacao-da-qualidade-da-maquinacao-cnc-e-condicao-da-fresa-atraves-da-monitorizacao-de-vibracoes-no-conjunto-cnc-jig\/","og_site_name":"Trabalhar na MCG","article_modified_time":"2024-10-02T16:15:06+00:00","og_image":[{"width":1600,"height":800,"url":"https:\/\/www.mcg.pt\/trabalharnamcg\/wp-content\/uploads\/2023\/07\/ambiente.jpg","type":"image\/jpeg"}],"twitter_card":"summary_large_image","twitter_misc":{"Tempo estimado de leitura":"2 minutos"},"schema":{"@context":"https:\/\/schema.org","@graph":[{"@type":"WebPage","@id":"https:\/\/www.mcg.pt\/trabalharnamcg\/18-avaliacao-da-qualidade-da-maquinacao-cnc-e-condicao-da-fresa-atraves-da-monitorizacao-de-vibracoes-no-conjunto-cnc-jig\/","url":"https:\/\/www.mcg.pt\/trabalharnamcg\/18-avaliacao-da-qualidade-da-maquinacao-cnc-e-condicao-da-fresa-atraves-da-monitorizacao-de-vibracoes-no-conjunto-cnc-jig\/","name":"18. Avalia\u00e7\u00e3o da Qualidade da Maquina\u00e7\u00e3o CNC e Condi\u00e7\u00e3o da Fresa Atrav\u00e9s da Monitoriza\u00e7\u00e3o de Vibra\u00e7\u00f5es no Conjunto CNC-Jig - Trabalhar na MCG","isPartOf":{"@id":"https:\/\/www.mcg.pt\/trabalharnamcg\/#website"},"primaryImageOfPage":{"@id":"https:\/\/www.mcg.pt\/trabalharnamcg\/18-avaliacao-da-qualidade-da-maquinacao-cnc-e-condicao-da-fresa-atraves-da-monitorizacao-de-vibracoes-no-conjunto-cnc-jig\/#primaryimage"},"image":{"@id":"https:\/\/www.mcg.pt\/trabalharnamcg\/18-avaliacao-da-qualidade-da-maquinacao-cnc-e-condicao-da-fresa-atraves-da-monitorizacao-de-vibracoes-no-conjunto-cnc-jig\/#primaryimage"},"thumbnailUrl":"https:\/\/www.mcg.pt\/trabalharnamcg\/wp-content\/uploads\/2023\/07\/ambiente.jpg","datePublished":"2024-10-02T16:13:51+00:00","dateModified":"2024-10-02T16:15:06+00:00","breadcrumb":{"@id":"https:\/\/www.mcg.pt\/trabalharnamcg\/18-avaliacao-da-qualidade-da-maquinacao-cnc-e-condicao-da-fresa-atraves-da-monitorizacao-de-vibracoes-no-conjunto-cnc-jig\/#breadcrumb"},"inLanguage":"pt-PT","potentialAction":[{"@type":"ReadAction","target":["https:\/\/www.mcg.pt\/trabalharnamcg\/18-avaliacao-da-qualidade-da-maquinacao-cnc-e-condicao-da-fresa-atraves-da-monitorizacao-de-vibracoes-no-conjunto-cnc-jig\/"]}]},{"@type":"ImageObject","inLanguage":"pt-PT","@id":"https:\/\/www.mcg.pt\/trabalharnamcg\/18-avaliacao-da-qualidade-da-maquinacao-cnc-e-condicao-da-fresa-atraves-da-monitorizacao-de-vibracoes-no-conjunto-cnc-jig\/#primaryimage","url":"https:\/\/www.mcg.pt\/trabalharnamcg\/wp-content\/uploads\/2023\/07\/ambiente.jpg","contentUrl":"https:\/\/www.mcg.pt\/trabalharnamcg\/wp-content\/uploads\/2023\/07\/ambiente.jpg","width":1600,"height":800},{"@type":"BreadcrumbList","@id":"https:\/\/www.mcg.pt\/trabalharnamcg\/18-avaliacao-da-qualidade-da-maquinacao-cnc-e-condicao-da-fresa-atraves-da-monitorizacao-de-vibracoes-no-conjunto-cnc-jig\/#breadcrumb","itemListElement":[{"@type":"ListItem","position":1,"name":"In\u00edcio","item":"https:\/\/www.mcg.pt\/trabalharnamcg\/"},{"@type":"ListItem","position":2,"name":"18. Avalia\u00e7\u00e3o da Qualidade da Maquina\u00e7\u00e3o CNC e Condi\u00e7\u00e3o da Fresa Atrav\u00e9s da Monitoriza\u00e7\u00e3o de Vibra\u00e7\u00f5es no Conjunto CNC-Jig"}]},{"@type":"WebSite","@id":"https:\/\/www.mcg.pt\/trabalharnamcg\/#website","url":"https:\/\/www.mcg.pt\/trabalharnamcg\/","name":"Trabalhar na MCG","description":"Oportunidades de emprego na MCG","potentialAction":[{"@type":"SearchAction","target":{"@type":"EntryPoint","urlTemplate":"https:\/\/www.mcg.pt\/trabalharnamcg\/?s={search_term_string}"},"query-input":{"@type":"PropertyValueSpecification","valueRequired":true,"valueName":"search_term_string"}}],"inLanguage":"pt-PT"}]}},"_links":{"self":[{"href":"https:\/\/www.mcg.pt\/trabalharnamcg\/wp-json\/wp\/v2\/pages\/2667","targetHints":{"allow":["GET"]}}],"collection":[{"href":"https:\/\/www.mcg.pt\/trabalharnamcg\/wp-json\/wp\/v2\/pages"}],"about":[{"href":"https:\/\/www.mcg.pt\/trabalharnamcg\/wp-json\/wp\/v2\/types\/page"}],"author":[{"embeddable":true,"href":"https:\/\/www.mcg.pt\/trabalharnamcg\/wp-json\/wp\/v2\/users\/2"}],"replies":[{"embeddable":true,"href":"https:\/\/www.mcg.pt\/trabalharnamcg\/wp-json\/wp\/v2\/comments?post=2667"}],"version-history":[{"count":4,"href":"https:\/\/www.mcg.pt\/trabalharnamcg\/wp-json\/wp\/v2\/pages\/2667\/revisions"}],"predecessor-version":[{"id":2671,"href":"https:\/\/www.mcg.pt\/trabalharnamcg\/wp-json\/wp\/v2\/pages\/2667\/revisions\/2671"}],"wp:featuredmedia":[{"embeddable":true,"href":"https:\/\/www.mcg.pt\/trabalharnamcg\/wp-json\/wp\/v2\/media\/1859"}],"wp:attachment":[{"href":"https:\/\/www.mcg.pt\/trabalharnamcg\/wp-json\/wp\/v2\/media?parent=2667"}],"curies":[{"name":"wp","href":"https:\/\/api.w.org\/{rel}","templated":true}]}}